digit of d?
2
Suppose 2*w - 506 + 98 = 2*q, 0 = 2*w + 4*q - 420. What is the units digit of w?
6
Let y be 1/(2/136) - 0. Suppose -4 + y = 2*c. What is the tens digit of c?
3
Suppose -3*t - 7 = -3*d - 2*t, -5*d + 6 = 4*t. Suppose d*h = h + 21. What is the tens digit of h?
2
Let r(j) = -2*j - 9. Suppose 0 = 4*g - 72 - 72. Suppose -5*u + 8 = -5*l + 68, -l = 5*u + g. What is the units digit of r(u)?
7
Suppose 0 = 5*q - 0*q - 25, 0 = -x - 5*q + 35. Let a(y) = y**2 - 10*y + 9. What is the units digit of a(x)?
9
Let m = -3 + 5. Suppose -16 = -2*c + m. What is the units digit of c?
9
Suppose 2*c = 4 - 0. Suppose -c*b + 0*b - 2 = 0. What is the units digit of 4*(-2)/(-4) - b?
3
Suppose -5*h + 2*b + 45 = -96, 2*h + b = 60. What is the tens digit of h?
2
Let a(n) = -n**2 - 5*n + 6. Let j be a(-6). Suppose -5*m + 87 + 103 = j. What is the units digit of m?
8
Let i(o) be the first derivative of -3*o**2/2 + 6*o + 4. What is the units digit of i(-5)?
1
Let y(u) be the third derivative of u**7/1680 - u**6/720 + u**5/30 - u**2. Let h(i) be the third derivative of y(i). What is the units digit of h(2)?
5
Let w(z) = 2*z + 8. Let d be w(-7). Let v(i) = -i**2 - 6*i + 7. What is the units digit of v(d)?
7
Suppose -2*m = -7*m + 165. Suppose -3*j - 4*i = -32, 2*j + 0*j = -5*i + m. Suppose 2*y = j*y - 6. What is the units digit of y?
3
Let c(k) = 13*k**2 - 1. Let r be c(1). Let l be (-3)/2*10/(-3). Suppose 2*m - 5*g + 44 = l*m, 3*g = r. What is the units digit of m?
8
Suppose 3*d + 123 = -3*c + 438, 5*d - 555 = 5*c. What is the hundreds digit of d?
1
Let p(v) = v**2 - 2*v + 5. Let f be p(5). Let h be (28/10)/(8/f). Let d(k) = k + 2. What is the units digit of d(h)?
9
Let f be (56/(-12))/((-4)/6). Suppose -d = -v, 5*v + 5*d - 13 = f. What is the units digit of v?
2
Let u(j) = 12*j + 18. What is the hundreds digit of u(9)?
1
Suppose l = 3*j - 13, -4*l - 4*j + 26 = -l. Let f(g) = 9*g - 2. What is the units digit of f(l)?
6
Let d(l) = -177*l + 1. Let g be d(-1). Suppose 0 = -2*j - 2*u + g, 3 = 2*u - 5. Suppose -2*h = 3*h - j. What is the tens digit of h?
1
Let p(i) = -i + 1. Let o be p(-1). Let c = o - 1. What is the units digit of c?
1
Let v(k) = k**2 - k - 1. Suppose -5*t = -22 - 8. What is the tens digit of v(t)?
2
Let w(z) = -7*z - 9. Let u be 15*(6/(-15) - 0). Let y be w(u). Let x = y + -22. What is the tens digit of x?
1
Suppose 5*n + 2*d = 219 - 75, 2*n - 2*d = 66. What is the tens digit of n?
3
Let x = 134 - 49. What is the tens digit of x?
8
Let c = 6 + 195. What is the units digit of c?
1
Let a(p) = p + 3. Suppose -3*k = 2*b - 12, b + 2*k + 12 = 3*b. Let o be a(b). Suppose -3*q = -o - 12. What is the units digit of q?
7
Let p(l) = -l**3 + 11*l**2 - l + 11. Let a be p(11). Suppose 5*c - 3*c - 2 = -2*x, 4*c - 4*x = 28. Suppose a = 2*d - c - 8. What is the units digit of d?
6
Suppose 3*k = 4*k. Suppose k = 2*u + 3*u - 55. What is the tens digit of u?
1
Let s = -4 - -12. Let z = 14 - s. What is the units digit of z?
6
Let v(j) be the second derivative of -j**4/12 - j**3 + 4*j**2 + j. What is the units digit of v(-6)?
8
Let c(m) = m**3 - m**2 - 2*m - 1. Let l be c(-1). What is the units digit of (1/(-3))/(l/33)?
1
Let p(q) = q**2 - 3*q + 116. What is the hundreds digit of p(0)?
1
Let f = 11 + -9. Let g = -4 - -8. Suppose -3*i = 12, 12 = g*y - f*i + i. What is the units digit of y?
2
What is the tens digit of -42*((-48)/(-28))/(-2)?
3
Let t(u) = 7*u**2 - 11. What is the units digit of t(-3)?
2
Let v(w) = -w + 10. Let a be v(10). Suppose -4*n + a*b + 2 = -2*b, 5*b + 23 = n. What is the units digit of 0/(-2*1) - n?
2
Let q be 5 - (-2)/4*-6. Suppose 2*f - 128 = -q*f. What is the tens digit of f?
3
Let r(k) = 8*k - 9. Suppose -3*t + 2*t = -2*c - 2, 3*t + 2*c = 22. What is the tens digit of r(t)?
3
Let g(n) = -2*n - 2*n + n**2 + 5 + 0*n**2 + 6*n. What is the units digit of g(-6)?
9
Let i = 26 - 17. What is the units digit of i?
9
Let u = 9 + -6. What is the units digit of (-1)/(u/18*-2)?
3
Let z(r) = 2*r**3 - 9*r**2 - 3*r - 5. What is the units digit of z(6)?
5
Let q(v) = -v**3 - 6*v**2 + 8*v + 6. Let z be q(-7). Let f = z - -5. What is the units digit of f?
4
Suppose -6*c = -5*c - 30. What is the units digit of c?
0
Suppose 4*p - 18 = 2*h, -3*h - h + 2*p = 18. Let o = h - -3. Let x(m) = -m**3 + m**2 + m + 1. What is the units digit of x(o)?
1
What is the units digit of (-616)/(-12) - ((-5)/3 - -2)?
1
Suppose 5*p - 26 = -t, -2*t - 5*p + 30 = 3*t. Let y be (2/4)/(t/18). Let q = y + 7. What is the tens digit of q?
1
Suppose -3*f + 15 = 2*f. Suppose -23 = -5*p + 4*b, 5*p - 15 - 6 = f*b. Suppose p*s - 20 = 2*o, -3*s + 8*s - o = 31. What is the units digit of s?
6
Let t(c) = -5*c + 2 + 3 - 6. Let d be t(1). What is the units digit of (-94)/d - 4/6?
5
Suppose -4*s - 2*q + 550 = -2*s, 5*q - 547 = -2*s. What is the units digit of s?
6
Suppose -x - x - 5*l = -29, 5*x - 5*l = 55. What is the units digit of 2*1*x/8?
3
What is the units digit of (2*-11)/((-28)/42) + 3?
6
Let r = 14 + -10. Suppose 0 = 3*m - 3*o - 54, -29 = 3*m - r*o - 78. What is the units digit of m?
3
Let v(a) = a**3 + a**2 + 3*a - 3. Suppose 0 = -2*m - 5*x - 11, x + 15 = 5*m + 2. What is the units digit of v(m)?
5
Suppose -3*r + 2*r + 309 = 5*j, 4*j - 5*r - 253 = 0. What is the units digit of j?
2
Suppose 4 = d - 0. Suppose -3*a = 7 - d. What is the units digit of 10 + 2 + 0 + a?
1
Suppose -95 = q - 4*q - 5*f, 4 = f. What is the units digit of q?
5
Let y(k) = -k**2 + 13*k - 8. Let q be (1 - (-1 - 0)) + 4. What is the tens digit of y(q)?
3
Let x(n) be the first derivative of n**3/3 - 9*n**2/2 + 6*n - 1. Let j be x(9). Suppose 6*h - j = 4*h. What is the units digit of h?
3
Suppose -w - 5*c + 148 = 3*w, -74 = -2*w - 2*c. Let i = -8 + w. What is the units digit of i?
9
What is the tens digit of -1*(-834)/10 + 2/(-5)?
8
Let x(c) = -c**3 - 2*c**2 - 2*c - 1. Let l be x(-1). Let z = 3 - l. What is the units digit of z?
3
Let p = 20 - 20. Suppose 2*c - 6 = p, -7*j = -2*j - c - 7. What is the units digit of j?
2
Let r(i) = i**3 - i**2 - 2*i + 43. What is the units digit of r(0)?
3
Let g(r) = 3*r**2 + 25*r + 20. What is the units digit of g(-8)?
2
Let h = 13 + -8. Suppose -h*a - 3*p + 96 = 0, 51 = 3*a + 3*p + p. What is the units digit of a?
1
Let a(w) = -w + 4. Let h be a(0). Let y be (-2)/h*(-21 - -1). What is the units digit of y/(-2)*32/(-20)?
8
Suppose 4*b + 3*d = -d, -3*b - 3 = 4*d. Suppose b*r + 2*r + 4*c + 8 = 0, 6 = -3*c. Suppose 0 = -r*i + i - 5. What is the units digit of i?
5
Let p be (3 - 0)*(1 - 2). Let y = 5 + p. What is the units digit of y?
2
Let j(z) = 3*z + 0 + 1 + 0 - 2. Let o(u) = 1. Let r(l) = -j(l) - 6*o(l). What is the tens digit of r(-6)?
1
What is the units digit of ((-4)/(-6))/(2/78)?
6
Let u(x) be the first derivative of x**3 - 3*x**2 + 3*x + 2. What is the units digit of u(5)?
8
Let t = 778 - 549. What is the units digit of t?
9
Let i(s) = 2*s**2 + 13*s + 38. What is the units digit of i(-7)?
5
Let q = -5 + 7. Suppose -q*a - a = -30. What is the units digit of a?
0
Suppose 2*j = 12*j - 1150. What is the hundreds digit of j?
1
Let p(j) = -3*j - 3. Let d(o) = -11*o + 5. Let z(r) = -4*r + 2. Let y(h) = -3*d(h) + 8*z(h). Let x be y(-4). What is the units digit of p(x)?
6
Let x = -40 - -72. Suppose 0*q + 4*q = x. Suppose -j + q = j. What is the units digit of j?
4
Let o be (-1)/(-5) - (-66)/(-5). Let m = o + 22. What is the units digit of m?
9
Let z be (-1)/4 + 34/8. Suppose -5*u + 2*u - z*g + 94 = 0, -g - 2 = 0. Let q = -19 + u. What is the tens digit of q?
1
Let g = 5 + -3. Suppose -t - 3 = z, -5*t - g*z = -0*z + 18. Let l = 13 + t. What is the units digit of l?
9
Let v(a) be the third derivative of a**6/120 - a**5/10 + 2*a**3/3 - 19*a**2. Let o(t) = t**3 - 7*t**2 + 7*t. Let b be o(6). What is the units digit of v(b)?
4
Let b(t) = -t**3 - 2*t**2 + t + 13. What is the tens digit of b(0)?
1
Let f(w) = 17*w - 5. What is the units digit of f(3)?
6
Suppose -4*s + 21 = 9. Let y = 1 + s. What is the units digit of y?
4
Suppose 7 + 1 = -2*s. Let j = s + 5. What is the units digit of j?
1
Let y be (-100)/36 - (-2)/(-9). Let m be (-103)/y - 2/6. Suppose -2*q = -4*t - 0*t + m, -4*q - 14 = t. What is the units digit of t?
6
Let j be 2/(-4)*2*1. What is the tens digit of ((-9)/j)/3*9?
2
Let a(n) be the first 